ns digit of 25745034?
2
What is the hundred millions digit of 866679747?
8
What is the ten thousands digit of 958726577?
2
What is the millions digit of 546933787?
6
What is the millions digit of 2161369?
2
What is the thousands digit of 3333559266?
9
What is the units digit of 1484665439?
9
What is the tens digit of 17035150?
5
What is the hundreds digit of 698391515?
5
What is the ten millions digit of 4778700302?
7
What is the ten thousands digit of 60912455?
1
What is the millions digit of 51754479?
1
What is the millions digit of 192615153?
2
What is the hundred thousands digit of 718171194?
1
What is the hundreds digit of 160413930?
9
What is the thousands digit of 85022281?
2
What is the thousands digit of 2702842613?
2
What is the units digit of 66686107?
7
What is the ten thousands digit of 4034618431?
1
What is the millions digit of 1493430044?
3
What is the hundred thousands digit of 3151450273?
4
What is the thousands digit of 46853079?
3
What is the ten thousands digit of 4166865?
6
What is the tens digit of 82310312?
1
What is the ten thousands digit of 57233416?
3
What is the units digit of 286906340?
0
What is the ten millions digit of 850826767?
5
What is the ten millions digit of 1265267281?
6
What is the thousands digit of 681215732?
5
What is the ten thousands digit of 1097544400?
4
What is the hundred thousands digit of 3035478795?
4
What is the thousands digit of 5006648549?
8
What is the ten thousands digit of 1852456385?
5
What is the hundreds digit of 487557653?
6
What is the thousands digit of 17934694?
4
What is the millions digit of 66878274?
6
What is the hundreds digit of 1907590384?
3
What is the millions digit of 251169229?
1
What is the ten millions digit of 2575753704?
7
What is the ten thousands digit of 7928843?
2
What is the hundred thousands digit of 3171246563?
2
What is the thousands digit of 241664520?
4
What is the hundred thousands digit of 57959951?
9
What is the thousands digit of 1223968237?
8
What is the millions digit of 151912297?
1
What is the millions digit of 52341176?
2
What is the units digit of 312280993?
3
What is the hundred thousands digit of 1016218836?
2
What is the hundred millions digit of 2718995452?
7
What is the units digit of 45479643?
3
What is the ten thousands digit of 3782878918?
7
What is the thousands digit of 674215895?
5
What is the thousands digit of 1302834782?
4
What is the units digit of 46772213?
3
What is the thousands digit of 5193742?
3
What is the ten thousands digit of 75192074?
9
What is the hundred thousands digit of 320414567?
4
What is the ten thousands digit of 305033577?
3
What is the hundreds digit of 980749298?
2
What is the thousands digit of 320091925?
1
What is the hundred thousands digit of 85582749?
5
What is the units digit of 5362294943?
3
What is the tens digit of 20764212?
1
What is the hundreds digit of 93490816?
8
What is the tens digit of 61011151?
5
What is the millions digit of 45152371?
5
What is the hundreds digit of 3395645425?
4
What is the tens digit of 102770213?
1
What is the tens digit of 531541564?
6
What is the hundred millions digit of 157265299?
1
What is the ten thousands digit of 233972656?
7
What is the ten thousands digit of 1244113358?
1
What is the ten thousands digit of 629929091?
2
What is the ten thousands digit of 354980464?
8
What is the ten thousands digit of 1354443967?
4
What is the ten thousands digit of 187624665?
2
What is the thousands digit of 116761633?
1
What is the thousands digit of 38181011?
1
What is the hundred millions digit of 552716672?
5
What is the hundred thousands digit of 252913011?
9
What is the units digit of 23190655?
5
What is the units digit of 761741741?
1
What is the ten millions digit of 677716874?
7
What is the ten millions digit of 61103470?
6
What is the billions digit of 4271144605?
4
What is the tens digit of 596235949?
4
What is the hundreds digit of 513043245?
2
What is the ten millions digit of 365065887?
6
What is the millions digit of 628830789?
8
What is the ten millions digit of 17588449?
1
What is the millions digit of 136445945?
6
What is the ten thousands digit of 1562186509?
8
What is the ten thousands digit of 1116792802?
9
What is the ten millions digit of 1152637225?
5
What is the billions digit of 1088597048?
1
What is the units digit of 46530575?
5
What is the hundreds digit of 235042160?
1
What is the ten millions digit of 80528059?
8
What is the thousands digit of 392063174?
3
What is the tens digit of 165317575?
7
What is the millions digit of 1112595867?
2
What is the hundreds digit of 86981345?
3
What is the ten thousands digit of 113097208?
9
What is the hundred millions digit of 165285389?
1
What is the tens digit of 23777182?
8
What is the millions digit of 2303493728?
3
What is the units digit of 1511537190?
0
What is the hundreds digit of 3203823466?
4
What is the ten millions digit of 616742066?
1
What is the hundred thousands digit of 418338211?
3
What is the hundred millions digit of 873269984?
8
What is the hundred thousands digit of 872223419?
2
What is the ten thousands digit of 1456191044?
9
What is the hundred thousands digit of 959113998?
1
What is the ten millions digit of 4156584702?
5
What is the thousands digit of 50822226?
2
What is the units digit of 2382708482?
2
What is the ten thousands digit of 2321203334?
0
What is the units digit of 1252519743?
3
What is the millions digit of 1034840607?
4
What is the tens digit of 128142928?
2
What is the hundred thousands digit of 656926531?
9
What is the ten millions digit of 181364725?
8
What is the ten thousands digit of 199831122?
3
What is the hundred millions digit of 677439059?
6
What is the tens digit of 54171973?
7
What is the ten thousands digit of 20051871?
5
What is the millions digit of 1298605310?
8
What is the ten millions digit of 3120834497?
2
What is the hundred thousands digit of 5227576967?
5
What is the millions digit of 91627006?
1
What is the thousands digit of 51848521?
8
What is the hundred thousands digit of 775004801?
0
What is the units digit of 596284784?
4
What is the millions digit of 77360775?
7
What is the hundred thousands digit of 165784035?
7
What is the hundreds digit of 28066554?
5
What is the hundred millions digit of 188474915?
1
What is the tens digit of 112821209?
0
What is the hundred millions digit of 980897484?
9
What is the hundred thousands digit of 38258430?
2
What is the ten thousands digit of 1521816370?
1
What is the thousands digit of 847567940?
7
What is the hundred millions digit of 2426814640?
4
What is the billions digit of 2095277951?
2
What is the ten thousands digit of 50945680?
4
What is the hundreds digit of 528714306?
3
What is the billions digit of 3658641650?
3
What is the ten thousands digit of 22953357?
5
What is the ten thousands digit of 19544709?
4
What is the millions digit of 46726049?
6
What is the tens digit of 13080298?
9
What is the billions digit of 3909666010?
3
What is the ten millions digit of 2529336948?
2
What is the thousands digit of 1040998522?
8
What is the hundred thousands digit of 530226345?
2
What is the hundred thousands digit of 1170578903?
5
What is the units digit of 60525818?
8
What is the units digit of 14543139?
9
What is the thousands digit of 3356761497?
1
What is the thousands digit of 1148092269?
2
What is the hundred millions digit of 305336525?
3
What is the thousands digit of 283497013?
7
What is the millions digit of 55330019?
5
What is the hundred thousands digit of 331116413?
1
What is the units digit of 1230761562?
2
What is the hundred thousands digit of 327916392?
9
What is the tens digit of 339483758?
5
What is the hundreds digit of 17830235?
2
What is the hundred millions digit of 222172026?
2
What is the thousands digit of 47633249?
3
What is the units digit of 202162410?
0
What is the ten thousands digit of 86352731?
5
What is the hundreds digit of 505078616?
6
What is the thousands digit of 161529058?
9
What is the tens digit of 6957081?
8
What is the ten millions digit of 3820671163?
2
What is the billions digit of 5037213331?
5
What is the units digit of 5322681?
1
What is the units digit of 127229973?
3
What is the ten thousands digit of 2631807340?
0
What is the thousands digit o